{"id":705,"date":"2024-08-19T00:16:24","date_gmt":"2024-08-19T00:16:24","guid":{"rendered":"https:\/\/fixmed.net\/?page_id=705"},"modified":"2025-01-13T14:44:10","modified_gmt":"2025-01-13T14:44:10","slug":"hizmetlerimiz","status":"publish","type":"page","link":"https:\/\/fixmed.net\/?page_id=705","title":{"rendered":"Hizmetlerimiz"},"content":{"rendered":"\t\t<div data-elementor-type=\"wp-page\" data-elementor-id=\"705\" class=\"elementor elementor-705\">\n\t\t\t\t\t\t<section class=\"elementor-section elementor-top-section elementor-element elementor-element-25b7d045 ct-section-stretched elementor-section-boxed elementor-section-height-default elementor-section-height-default\" data-id=\"25b7d045\" data-element_type=\"section\" data-settings=\"{&quot;background_background&quot;:&quot;classic&quot;}\">\n\t\t\t\t\t\t\t<div class=\"elementor-background-overlay\"><\/div>\n\t\t\t\t\t\t\t<div class=\"elementor-container elementor-column-gap-default\">\n\t\t\t\t\t<div class=\"elementor-column elementor-col-50 elementor-top-column elementor-element elementor-element-36c6fc68\" data-id=\"36c6fc68\" data-element_type=\"column\">\n\t\t\t<div class=\"elementor-widget-wrap elementor-element-populated\">\n\t\t\t\t\t\t<div class=\"elementor-element elementor-element-77dcf47e elementor-widget elementor-widget-heading\" data-id=\"77dcf47e\" data-element_type=\"widget\" data-widget_type=\"heading.default\">\n\t\t\t\t<div class=\"elementor-widget-container\">\n\t\t\t<style>\/*! elementor - v3.23.0 - 05-08-2024 *\/\n.elementor-heading-title{padding:0;margin:0;line-height:1}.elementor-widget-heading .elementor-heading-title[class*=elementor-size-]>a{color:inherit;font-size:inherit;line-height:inherit}.elementor-widget-heading .elementor-heading-title.elementor-size-small{font-size:15px}.elementor-widget-heading .elementor-heading-title.elementor-size-medium{font-size:19px}.elementor-widget-heading .elementor-heading-title.elementor-size-large{font-size:29px}.elementor-widget-heading .elementor-heading-title.elementor-size-xl{font-size:39px}.elementor-widget-heading .elementor-heading-title.elementor-size-xxl{font-size:59px}<\/style><h2 class=\"elementor-heading-title elementor-size-default\">Hizmetlerimiz<\/h2>\t\t<\/div>\n\t\t\t\t<\/div>\n\t\t\t\t\t<\/div>\n\t\t<\/div>\n\t\t\t\t<div class=\"elementor-column elementor-col-50 elementor-top-column elementor-element elementor-element-459a500f elementor-hidden-tablet elementor-hidden-phone\" data-id=\"459a500f\" data-element_type=\"column\">\n\t\t\t<div class=\"elementor-widget-wrap\">\n\t\t\t\t\t\t\t<\/div>\n\t\t<\/div>\n\t\t\t\t\t<\/div>\n\t\t<\/section>\n\t\t\t\t<section class=\"elementor-section elementor-top-section elementor-element elementor-element-740778b9 elementor-section-boxed elementor-section-height-default elementor-section-height-default\" data-id=\"740778b9\" data-element_type=\"section\">\n\t\t\t\t\t\t<div class=\"elementor-container elementor-column-gap-no\">\n\t\t\t\t\t<div class=\"elementor-column elementor-col-100 elementor-top-column elementor-element elementor-element-34bc9c5b\" data-id=\"34bc9c5b\" data-element_type=\"column\">\n\t\t\t<div class=\"elementor-widget-wrap elementor-element-populated\">\n\t\t\t\t\t\t<div class=\"elementor-element elementor-element-1f86abc9 elementor-widget elementor-widget-spacer\" data-id=\"1f86abc9\" data-element_type=\"widget\" data-widget_type=\"spacer.default\">\n\t\t\t\t<div class=\"elementor-widget-container\">\n\t\t\t<style>\/*! elementor - v3.23.0 - 05-08-2024 *\/\n.elementor-column .elementor-spacer-inner{height:var(--spacer-size)}.e-con{--container-widget-width:100%}.e-con-inner>.elementor-widget-spacer,.e-con>.elementor-widget-spacer{width:var(--container-widget-width,var(--spacer-size));--align-self:var(--container-widget-align-self,initial);--flex-shrink:0}.e-con-inner>.elementor-widget-spacer>.elementor-widget-container,.e-con>.elementor-widget-spacer>.elementor-widget-container{height:100%;width:100%}.e-con-inner>.elementor-widget-spacer>.elementor-widget-container>.elementor-spacer,.e-con>.elementor-widget-spacer>.elementor-widget-container>.elementor-spacer{height:100%}.e-con-inner>.elementor-widget-spacer>.elementor-widget-container>.elementor-spacer>.elementor-spacer-inner,.e-con>.elementor-widget-spacer>.elementor-widget-container>.elementor-spacer>.elementor-spacer-inner{height:var(--container-widget-height,var(--spacer-size))}.e-con-inner>.elementor-widget-spacer.elementor-widget-empty,.e-con>.elementor-widget-spacer.elementor-widget-empty{position:relative;min-height:22px;min-width:22px}.e-con-inner>.elementor-widget-spacer.elementor-widget-empty .elementor-widget-empty-icon,.e-con>.elementor-widget-spacer.elementor-widget-empty .elementor-widget-empty-icon{position:absolute;top:0;bottom:0;left:0;right:0;margin:auto;padding:0;width:22px;height:22px}<\/style>\t\t<div class=\"elementor-spacer\">\n\t\t\t<div class=\"elementor-spacer-inner\"><\/div>\n\t\t<\/div>\n\t\t\t\t<\/div>\n\t\t\t\t<\/div>\n\t\t\t\t<div class=\"elementor-element elementor-element-14a54db elementor-widget elementor-widget-heading\" data-id=\"14a54db\" data-element_type=\"widget\" data-widget_type=\"heading.default\">\n\t\t\t\t<div class=\"elementor-widget-container\">\n\t\t\t<h3 class=\"elementor-heading-title elementor-size-default\">Fixmed G\u00f6r\u00fcnt\u00fcleme ve Sa\u011fl\u0131k Hizmetleri\n<\/h3>\t\t<\/div>\n\t\t\t\t<\/div>\n\t\t\t\t\t<\/div>\n\t\t<\/div>\n\t\t\t\t\t<\/div>\n\t\t<\/section>\n\t\t<div class=\"elementor-element elementor-element-8ee90d9 e-flex e-con-boxed e-con e-parent\" data-id=\"8ee90d9\" data-element_type=\"container\">\n\t\t\t\t\t<div class=\"e-con-inner\">\n\t\t<div class=\"elementor-element elementor-element-15fe25e e-con-full e-flex e-con e-child\" data-id=\"15fe25e\" data-element_type=\"container\">\n\t\t\t\t<div class=\"elementor-element elementor-element-85f9d23 elementor-widget elementor-widget-image\" data-id=\"85f9d23\" data-element_type=\"widget\" data-widget_type=\"image.default\">\n\t\t\t\t<div class=\"elementor-widget-container\">\n\t\t\t<style>\/*! elementor - v3.23.0 - 05-08-2024 *\/\n.elementor-widget-image{text-align:center}.elementor-widget-image a{display:inline-block}.elementor-widget-image a img[src$=\".svg\"]{width:48px}.elementor-widget-image img{vertical-align:middle;display:inline-block}<\/style>\t\t\t\t\t\t\t\t\t\t\t<a href=\"https:\/\/fixmed.net\/?page_id=799\">\n\t\t\t\t\t\t\t<img fetchpriority=\"high\" decoding=\"async\" width=\"520\" height=\"300\" src=\"https:\/\/fixmed.net\/wp-content\/uploads\/2024\/08\/Adsiz-tasarim-2024-08-19T040123.945.png\" class=\"attachment-large size-large wp-image-731\" alt=\"\" srcset=\"https:\/\/fixmed.net\/wp-content\/uploads\/2024\/08\/Adsiz-tasarim-2024-08-19T040123.945.png 520w, https:\/\/fixmed.net\/wp-content\/uploads\/2024\/08\/Adsiz-tasarim-2024-08-19T040123.945-300x173.png 300w\" sizes=\"(max-width: 520px) 100vw, 520px\" \/>\t\t\t\t\t\t\t\t<\/a>\n\t\t\t\t\t\t\t\t\t\t\t\t\t<\/div>\n\t\t\t\t<\/div>\n\t\t\t\t<div class=\"elementor-element elementor-element-c04332a elementor-widget elementor-widget-heading\" data-id=\"c04332a\" data-element_type=\"widget\" data-widget_type=\"heading.default\">\n\t\t\t\t<div class=\"elementor-widget-container\">\n\t\t\t<h4 class=\"elementor-heading-title elementor-size-default\"><a href=\"https:\/\/fixmed.net\/?page_id=799\">Evde Dijital R\u00f6ntgen \u00c7ekimi<\/a><\/h4>\t\t<\/div>\n\t\t\t\t<\/div>\n\t\t\t\t<div class=\"elementor-element elementor-element-1cfc82b elementor-widget elementor-widget-text-editor\" data-id=\"1cfc82b\" data-element_type=\"widget\" data-widget_type=\"text-editor.default\">\n\t\t\t\t<div class=\"elementor-widget-container\">\n\t\t\t<style>\/*! elementor - v3.23.0 - 05-08-2024 *\/\n.elementor-widget-text-editor.elementor-drop-cap-view-stacked .elementor-drop-cap{background-color:#69727d;color:#fff}.elementor-widget-text-editor.elementor-drop-cap-view-framed .elementor-drop-cap{color:#69727d;border:3px solid;background-color:transparent}.elementor-widget-text-editor:not(.elementor-drop-cap-view-default) .elementor-drop-cap{margin-top:8px}.elementor-widget-text-editor:not(.elementor-drop-cap-view-default) .elementor-drop-cap-letter{width:1em;height:1em}.elementor-widget-text-editor .elementor-drop-cap{float:left;text-align:center;line-height:1;font-size:50px}.elementor-widget-text-editor .elementor-drop-cap-letter{display:inline-block}<\/style>\t\t\t\t<p>Gelen bilgi ak\u0131\u015f\u0131 ile harekete ge\u00e7en mobil r\u00f6ntgen ekibimiz trafi\u011fin durumuna ve mesafeye g\u00f6re ortalama 1 saat i\u00e7inde hastan\u0131n adresine ula\u015f\u0131r. Evde r\u00f6ntgen \u00e7ekimi ger\u00e7ekle\u015ftirilir. \u00c7ekilen grafi an\u0131nda film ve cd olarak verilir. Gerekti\u011fi durumlarda hastan\u0131n sorumlu hekimine mail olarak g\u00f6nderilir.<\/p>\t\t\t\t\t\t<\/div>\n\t\t\t\t<\/div>\n\t\t\t\t<\/div>\n\t\t<div class=\"elementor-element elementor-element-450e913 e-con-full e-flex e-con e-child\" data-id=\"450e913\" data-element_type=\"container\">\n\t\t\t\t<div class=\"elementor-element elementor-element-15d3f89 elementor-widget elementor-widget-image\" data-id=\"15d3f89\" data-element_type=\"widget\" data-widget_type=\"image.default\">\n\t\t\t\t<div class=\"elementor-widget-container\">\n\t\t\t\t\t\t\t\t\t\t\t\t\t<img decoding=\"async\" width=\"520\" height=\"300\" src=\"https:\/\/fixmed.net\/wp-content\/uploads\/2024\/08\/Adsiz-tasarim-2024-08-19T040130.965.png\" class=\"attachment-large size-large wp-image-730\" alt=\"\" srcset=\"https:\/\/fixmed.net\/wp-content\/uploads\/2024\/08\/Adsiz-tasarim-2024-08-19T040130.965.png 520w, https:\/\/fixmed.net\/wp-content\/uploads\/2024\/08\/Adsiz-tasarim-2024-08-19T040130.965-300x173.png 300w\" sizes=\"(max-width: 520px) 100vw, 520px\" \/>\t\t\t\t\t\t\t\t\t\t\t\t\t<\/div>\n\t\t\t\t<\/div>\n\t\t\t\t<div class=\"elementor-element elementor-element-63a1466 elementor-widget elementor-widget-heading\" data-id=\"63a1466\" data-element_type=\"widget\" data-widget_type=\"heading.default\">\n\t\t\t\t<div class=\"elementor-widget-container\">\n\t\t\t<h4 class=\"elementor-heading-title elementor-size-default\">CPM Cihaz\u0131 Kiralama<\/h4>\t\t<\/div>\n\t\t\t\t<\/div>\n\t\t\t\t<div class=\"elementor-element elementor-element-364c1a8 elementor-widget elementor-widget-text-editor\" data-id=\"364c1a8\" data-element_type=\"widget\" data-widget_type=\"text-editor.default\">\n\t\t\t\t<div class=\"elementor-widget-container\">\n\t\t\t\t\t\t\t<p>CPM genelde total diz protezi ve total kal\u00e7a protezi ameliyat\u0131 ge\u00e7irmi\u015f olan hastalarda ilgili hekimin iste\u011fi do\u011frultusunda kullan\u0131l\u0131r. Her iki ameliyat sonras\u0131nda olu\u015fabilecek a\u011fr\u0131, \u00f6dem, derin ven trombozu ve kal\u00e7a dislokasyonu gibi komplikasyonlar\u0131n olu\u015fmas\u0131nda \u00f6nleyicidir. Hastan\u0131n iyile\u015fme s\u00fcrecini h\u0131zland\u0131r\u0131r, hareket kabiliyeti artt\u0131r\u0131r.<\/p>\t\t\t\t\t\t<\/div>\n\t\t\t\t<\/div>\n\t\t\t\t<\/div>\n\t\t<div class=\"elementor-element elementor-element-3a2baad e-con-full e-flex e-con e-child\" data-id=\"3a2baad\" data-element_type=\"container\">\n\t\t\t\t<div class=\"elementor-element elementor-element-0a42180 elementor-widget elementor-widget-image\" data-id=\"0a42180\" data-element_type=\"widget\" data-widget_type=\"image.default\">\n\t\t\t\t<div class=\"elementor-widget-container\">\n\t\t\t\t\t\t\t\t\t\t\t\t\t\t<a href=\"https:\/\/fixmed.net\/?page_id=808\">\n\t\t\t\t\t\t\t<img decoding=\"async\" width=\"520\" height=\"300\" src=\"https:\/\/fixmed.net\/wp-content\/uploads\/2024\/08\/Adsiz-tasarim-2024-08-19T040204.859.png\" class=\"attachment-large size-large wp-image-729\" alt=\"\" srcset=\"https:\/\/fixmed.net\/wp-content\/uploads\/2024\/08\/Adsiz-tasarim-2024-08-19T040204.859.png 520w, https:\/\/fixmed.net\/wp-content\/uploads\/2024\/08\/Adsiz-tasarim-2024-08-19T040204.859-300x173.png 300w\" sizes=\"(max-width: 520px) 100vw, 520px\" \/>\t\t\t\t\t\t\t\t<\/a>\n\t\t\t\t\t\t\t\t\t\t\t\t\t<\/div>\n\t\t\t\t<\/div>\n\t\t\t\t<div class=\"elementor-element elementor-element-246be22 elementor-widget elementor-widget-heading\" data-id=\"246be22\" data-element_type=\"widget\" data-widget_type=\"heading.default\">\n\t\t\t\t<div class=\"elementor-widget-container\">\n\t\t\t<h4 class=\"elementor-heading-title elementor-size-default\"><a href=\"https:\/\/fixmed.net\/?page_id=808\">Evde Ultrason \/ Renkli Doppler \u00c7ekimi<\/a><\/h4>\t\t<\/div>\n\t\t\t\t<\/div>\n\t\t\t\t<div class=\"elementor-element elementor-element-f5bbb9b elementor-widget elementor-widget-text-editor\" data-id=\"f5bbb9b\" data-element_type=\"widget\" data-widget_type=\"text-editor.default\">\n\t\t\t\t<div class=\"elementor-widget-container\">\n\t\t\t\t\t\t\t<p>Uzman Radyolo\u011fumuz ile evinize kadar gelerek ultrason \/ renkli doppler \u00e7ekiminizi ger\u00e7ekle\u015ftiriyoruz. Hastane ortam\u0131nda \u00e7ekilebilecek olan t\u00fcm ultrason ve ya renkli doppler hizmetleri ayn\u0131 titizlikle hemde hastan\u0131za hi\u00e7 zahmet vermeden \u00e7ok k\u0131sa s\u00fcrede sonland\u0131r\u0131lmaktad\u0131r. Detayl\u0131 Bilgi \u0130\u00e7in T\u0131klay\u0131n!<\/p>\t\t\t\t\t\t<\/div>\n\t\t\t\t<\/div>\n\t\t\t\t<\/div>\n\t\t\t\t\t<\/div>\n\t\t\t\t<\/div>\n\t\t<div class=\"elementor-element elementor-element-f78ce85 e-flex e-con-boxed e-con e-parent\" data-id=\"f78ce85\" data-element_type=\"container\">\n\t\t\t\t\t<div class=\"e-con-inner\">\n\t\t<div class=\"elementor-element elementor-element-952c685 e-con-full e-flex e-con e-child\" data-id=\"952c685\" data-element_type=\"container\">\n\t\t\t\t<div class=\"elementor-element elementor-element-f0e8352 elementor-widget elementor-widget-image\" data-id=\"f0e8352\" data-element_type=\"widget\" data-widget_type=\"image.default\">\n\t\t\t\t<div class=\"elementor-widget-container\">\n\t\t\t\t\t\t\t\t\t\t\t\t\t\t<a href=\"https:\/\/fixmed.net\/?page_id=825\">\n\t\t\t\t\t\t\t<img loading=\"lazy\" decoding=\"async\" width=\"520\" height=\"300\" src=\"https:\/\/fixmed.net\/wp-content\/uploads\/2025\/01\/Adsiz-tasarim-2025-01-13T172543.321.png\" class=\"attachment-large size-large wp-image-838\" alt=\"\" srcset=\"https:\/\/fixmed.net\/wp-content\/uploads\/2025\/01\/Adsiz-tasarim-2025-01-13T172543.321.png 520w, https:\/\/fixmed.net\/wp-content\/uploads\/2025\/01\/Adsiz-tasarim-2025-01-13T172543.321-300x173.png 300w\" sizes=\"(max-width: 520px) 100vw, 520px\" \/>\t\t\t\t\t\t\t\t<\/a>\n\t\t\t\t\t\t\t\t\t\t\t\t\t<\/div>\n\t\t\t\t<\/div>\n\t\t\t\t<div class=\"elementor-element elementor-element-b6c033a elementor-widget elementor-widget-heading\" data-id=\"b6c033a\" data-element_type=\"widget\" data-widget_type=\"heading.default\">\n\t\t\t\t<div class=\"elementor-widget-container\">\n\t\t\t<h4 class=\"elementor-heading-title elementor-size-default\"><a href=\"https:\/\/fixmed.net\/?page_id=825\">Evde Ekg \u00c7ekimi<\/a><\/h4>\t\t<\/div>\n\t\t\t\t<\/div>\n\t\t\t\t<div class=\"elementor-element elementor-element-eb7f555 elementor-widget elementor-widget-text-editor\" data-id=\"eb7f555\" data-element_type=\"widget\" data-widget_type=\"text-editor.default\">\n\t\t\t\t<div class=\"elementor-widget-container\">\n\t\t\t\t\t\t\t<p>Sa\u011fl\u0131k her \u015feyden \u00f6nce gelir, ancak zaman zaman hastaneye gitmek zor veya yorucu olabilir. \u0130\u015fte tam bu noktada <strong>Evde EKG Hizmeti<\/strong> devreye giriyor!Modern teknoloji ile donat\u0131lm\u0131\u015f ekipmanlar\u0131m\u0131z ve deneyimli sa\u011fl\u0131k ekibimiz sayesinde, evinizin konforunda EKG \u00e7ekimi yaparak kalp sa\u011fl\u0131\u011f\u0131n\u0131z\u0131 takip etmenizi sa\u011fl\u0131yoruz.<\/p>\t\t\t\t\t\t<\/div>\n\t\t\t\t<\/div>\n\t\t\t\t<\/div>\n\t\t<div class=\"elementor-element elementor-element-4b08c82 e-con-full e-flex e-con e-child\" data-id=\"4b08c82\" data-element_type=\"container\">\n\t\t\t\t<div class=\"elementor-element elementor-element-3befb33 elementor-widget elementor-widget-image\" data-id=\"3befb33\" data-element_type=\"widget\" data-widget_type=\"image.default\">\n\t\t\t\t<div class=\"elementor-widget-container\">\n\t\t\t\t\t\t\t\t\t\t\t\t\t\t<a href=\"https:\/\/fixmed.net\/?page_id=823\">\n\t\t\t\t\t\t\t<img loading=\"lazy\" decoding=\"async\" width=\"520\" height=\"300\" src=\"https:\/\/fixmed.net\/wp-content\/uploads\/2025\/01\/Adsiz-tasarim-2025-01-13T172730.796.png\" class=\"attachment-large size-large wp-image-839\" alt=\"\" srcset=\"https:\/\/fixmed.net\/wp-content\/uploads\/2025\/01\/Adsiz-tasarim-2025-01-13T172730.796.png 520w, https:\/\/fixmed.net\/wp-content\/uploads\/2025\/01\/Adsiz-tasarim-2025-01-13T172730.796-300x173.png 300w\" sizes=\"(max-width: 520px) 100vw, 520px\" \/>\t\t\t\t\t\t\t\t<\/a>\n\t\t\t\t\t\t\t\t\t\t\t\t\t<\/div>\n\t\t\t\t<\/div>\n\t\t\t\t<div class=\"elementor-element elementor-element-3e11529 elementor-widget elementor-widget-heading\" data-id=\"3e11529\" data-element_type=\"widget\" data-widget_type=\"heading.default\">\n\t\t\t\t<div class=\"elementor-widget-container\">\n\t\t\t<h4 class=\"elementor-heading-title elementor-size-default\"><a href=\"https:\/\/fixmed.net\/?page_id=823\">Evde Eko \u00c7ekimi<\/a><\/h4>\t\t<\/div>\n\t\t\t\t<\/div>\n\t\t\t\t<div class=\"elementor-element elementor-element-0d8e701 elementor-widget elementor-widget-text-editor\" data-id=\"0d8e701\" data-element_type=\"widget\" data-widget_type=\"text-editor.default\">\n\t\t\t\t<div class=\"elementor-widget-container\">\n\t\t\t\t\t\t\t<p>Kalp sa\u011fl\u0131\u011f\u0131n\u0131z, ya\u015fam kaliteniz i\u00e7in b\u00fcy\u00fck \u00f6nem ta\u015f\u0131r. Ancak her zaman hastaneye gitmek m\u00fcmk\u00fcn olmayabilir ya da zahmetli bir s\u00fcre\u00e7 olabilir. Bu nedenle <strong>Evde EKO Hizmeti<\/strong> ile evinizin rahatl\u0131\u011f\u0131nda kalp sa\u011fl\u0131\u011f\u0131n\u0131z\u0131 takip edebilmeniz i\u00e7in buraday\u0131z!<\/p>\t\t\t\t\t\t<\/div>\n\t\t\t\t<\/div>\n\t\t\t\t<\/div>\n\t\t<div class=\"elementor-element elementor-element-f41f678 e-con-full e-flex e-con e-child\" data-id=\"f41f678\" data-element_type=\"container\">\n\t\t\t\t<\/div>\n\t\t\t\t\t<\/div>\n\t\t\t\t<\/div>\n\t\t<div class=\"elementor-element elementor-element-94a20d3 e-flex e-con-boxed e-con e-parent\" data-id=\"94a20d3\" data-element_type=\"container\">\n\t\t\t\t\t<div class=\"e-con-inner\">\n\t\t\t\t\t<\/div>\n\t\t\t\t<\/div>\n\t\t\t\t<\/div>\n\t\t","protected":false},"excerpt":{"rendered":"<p>Hizmetlerimiz Fixmed G\u00f6r\u00fcnt\u00fcleme ve Sa\u011fl\u0131k Hizmetleri Evde Dijital R\u00f6ntgen \u00c7ekimi Gelen bilgi ak\u0131\u015f\u0131 ile harekete ge\u00e7en mobil r\u00f6ntgen ekibimiz trafi\u011fin durumuna ve mesafeye g\u00f6re ortalama 1 saat i\u00e7inde hastan\u0131n adresine ula\u015f\u0131r. Evde r\u00f6ntgen \u00e7ekimi ger\u00e7ekle\u015ftirilir. \u00c7ekilen grafi an\u0131nda film ve cd olarak verilir. Gerekti\u011fi durumlarda hastan\u0131n sorumlu hekimine mail olarak g\u00f6nderilir. CPM Cihaz\u0131 Kiralama CPM [&hellip;]<\/p>\n","protected":false},"author":1,"featured_media":0,"parent":0,"menu_order":0,"comment_status":"closed","ping_status":"closed","template":"","meta":{"_joinchat":[],"footnotes":""},"class_list":["post-705","page","type-page","status-publish","hentry"],"blocksy_meta":{"page_title_panel":"","has_hero_section":"disabled","0df2dca53447789c9966a9ee2482ae8e":"","hero_section":"type-1","hero_elements":[{"id":"custom_title","enabled":true,"heading_tag":"h1","title":"Home"},{"id":"custom_description","enabled":true,"description_visibility":{"desktop":true,"tablet":true,"mobile":false}},{"id":"custom_meta","enabled":false,"meta_elements":[{"id":"author","enabled":true,"label":"By","has_author_avatar":"yes","avatar_size":25},{"id":"post_date","enabled":true,"label":"On","date_format_source":"default","date_format":"M j, Y"},{"id":"comments","enabled":true}],"page_meta_elements":{"joined":true,"articles_count":true,"comments":true}},{"id":"breadcrumbs","enabled":false}],"9a068402903147dab0312ed721d813d1":"","hero_alignment1":"left","hero_alignment2":"center","hero_vertical_alignment":"center","878df3921d36f5f7834a2f50f2d62119":"","hero_structure":"narrow","c672b96ecc952ad64c8c2d7fdf1a61dc":"","page_title_bg_type":"featured_image","custom_hero_background":{"attachment_id":null},"parallax":{"desktop":false,"tablet":false,"mobile":false},"cc7bcd5456d7cac909e888486d83b616":"","hero_height":"250px","pageTitleFont":{"family":"Default","variation":"Default","size":{"desktop":"32px","tablet":"30px","mobile":"25px"},"line-height":"CT_CSS_SKIP_RULE","letter-spacing":"CT_CSS_SKIP_RULE","text-transform":"CT_CSS_SKIP_RULE","text-decoration":"CT_CSS_SKIP_RULE"},"pageTitleFontColor":{"default":{"color":"CT_CSS_SKIP_RULEDEFAULT"}},"pageMetaFont":{"family":"Default","variation":"n6","size":"12px","line-height":"1.3","letter-spacing":"CT_CSS_SKIP_RULE","text-transform":"uppercase","text-decoration":"CT_CSS_SKIP_RULE"},"pageMetaFontColor":{"default":{"color":"CT_CSS_SKIP_RULEDEFAULT"},"hover":{"color":"CT_CSS_SKIP_RULEDEFAULT"}},"pageExcerptFont":{"family":"Default","variation":"Default","size":"CT_CSS_SKIP_RULE","line-height":"CT_CSS_SKIP_RULE","letter-spacing":"CT_CSS_SKIP_RULE","text-transform":"CT_CSS_SKIP_RULE","text-decoration":"CT_CSS_SKIP_RULE"},"pageExcerptColor":{"default":{"color":"CT_CSS_SKIP_RULEDEFAULT"}},"breadcrumbsFont":{"family":"Default","variation":"n6","size":"12px","line-height":"CT_CSS_SKIP_RULE","letter-spacing":"CT_CSS_SKIP_RULE","text-transform":"uppercase","text-decoration":"CT_CSS_SKIP_RULE"},"breadcrumbsFontColor":{"default":{"color":"CT_CSS_SKIP_RULEDEFAULT"},"initial":{"color":"CT_CSS_SKIP_RULEDEFAULT"},"hover":{"color":"CT_CSS_SKIP_RULEDEFAULT"}},"pageTitleOverlay":{"default":{"color":"rgba(41, 51, 60, 0.2)"}},"pageTitleBackground":{"background_type":"color","background_pattern":"type-1","background_image":{"attachment_id":null,"x":0,"y":0},"background_repeat":"no-repeat","background_size":"auto","background_attachment":"scroll","patternColor":{"default":{"color":"#e5e7ea"}},"backgroundColor":{"default":{"color":"#EDEFF2"}}},"5384544efa2613b7222fa667fe0c3bd5":"","page_structure_type":"default","content_style":"inherit","vertical_spacing_source":"custom","content_area_spacing":"none","background":{"background_type":"color","background_pattern":"type-1","background_image":{"attachment_id":null,"x":0,"y":0},"background_repeat":"no-repeat","background_size":"auto","background_attachment":"scroll","patternColor":{"default":{"color":"#e5e7ea"}},"backgroundColor":{"default":{"color":"CT_CSS_SKIP_RULE"}}},"content_background":{"background_type":"color","background_pattern":"type-1","background_image":{"attachment_id":null,"x":0,"y":0},"background_repeat":"no-repeat","background_size":"auto","background_attachment":"scroll","patternColor":{"default":{"color":"#e5e7ea"}},"backgroundColor":{"default":{"color":"#ffffff"}}},"content_boxed_spacing":{"desktop":"40px","tablet":"35px","mobile":"20px"},"content_boxed_radius":{"top":"3px","bottom":"3px","left":"3px","right":"3px","linked":true},"content_boxed_shadow":{"blur":18,"spread":-6,"v_offset":12,"h_offset":0,"inset":false,"enable":true,"color":{"color":"rgba(34, 56, 101, 0.04)"}},"7b360c47770bb2bc7820037d1b7ccdae":"","disable_featured_image":"no","disable_header":"no","disable_footer":"no","styles_descriptor":{"styles":{"desktop":"","tablet":"","mobile":""},"google_fonts":[]}},"_links":{"self":[{"href":"https:\/\/fixmed.net\/index.php?rest_route=\/wp\/v2\/pages\/705","targetHints":{"allow":["GET"]}}],"collection":[{"href":"https:\/\/fixmed.net\/index.php?rest_route=\/wp\/v2\/pages"}],"about":[{"href":"https:\/\/fixmed.net\/index.php?rest_route=\/wp\/v2\/types\/page"}],"author":[{"embeddable":true,"href":"https:\/\/fixmed.net\/index.php?rest_route=\/wp\/v2\/users\/1"}],"replies":[{"embeddable":true,"href":"https:\/\/fixmed.net\/index.php?rest_route=%2Fwp%2Fv2%2Fcomments&post=705"}],"version-history":[{"count":19,"href":"https:\/\/fixmed.net\/index.php?rest_route=\/wp\/v2\/pages\/705\/revisions"}],"predecessor-version":[{"id":845,"href":"https:\/\/fixmed.net\/index.php?rest_route=\/wp\/v2\/pages\/705\/revisions\/845"}],"wp:attachment":[{"href":"https:\/\/fixmed.net\/index.php?rest_route=%2Fwp%2Fv2%2Fmedia&parent=705"}],"curies":[{"name":"wp","href":"https:\/\/api.w.org\/{rel}","templated":true}]}}